2 + 13*u + 41. Let k be t(-6). Is (k + -3 - 7186)/(-1*2) composite?
True
Let b = 9312 - 5491. Suppose -37*m + 594304 = b. Is m prime?
True
Let q be (12/16)/((-2)/(-96)*3). Suppose 2*g = -5*y - q + 5, -4*y - 9 = 5*g. Is 9*g/(-3) + 7424 prime?
False
Suppose 15985 = 5*l + 4*m, -2*m = 5*l - 4*m - 16015. Let u = l + -429. Suppose u = o + 671. Is o prime?
False
Suppose 953 = 6*o - 6013. Let m = o - -1172. Is m a composite number?
False
Suppose -2*i - 5*x = -10142, -2*i + 10178 = -13*x + 9*x. Suppose -2*b + i - 1181 = 2*s, -b + 1970 = 5*s. Is b a composite number?
True
Let y = 182 - 107. Suppose 32*o - 51*o - 38 = 0. Let s = y - o. Is s prime?
False
Suppose -100*c + 101*c + 7 = 0, 0 = -3*o + c + 128521. Is o a composite number?
True
Let w be 351/2*(84 - 6). Let c = 23416 - w. Is c composite?
True
Let n = 334 - 223. Let q = 117 - n. Suppose -u - t = -965, -q*u + u - 4*t = -4827. Is u a composite number?
False
Let z(t) = t**3 - t**2 - 5. Let i be z(0). Let x = 3 + i. Is (x + 24)*(-51)/(-6) composite?
True
Let k(t) = 16*t - 33*t + 10 - 54*t. Let l(h) = -1. Let m(f) = -k(f) - 3*l(f). Is m(10) a composite number?
True
Suppose -83812 = 415*f - 416*f - 5*v, -4*v = -3*f + 251493. Is f a composite number?
True
Is (-11)/(-77)*136811*7 composite?
False
Suppose 15*a - 12*a = -24. Let h(t) = -7*t**3 - 6*t**2 - 18*t - 17. Is h(a) a prime number?
False
Suppose -512*t - 4 = -513*t. Suppose 0 = -3*w + 4*i + 23071 - 212, -t*w + 30480 = -4*i. Is w prime?
True
Let a be (1 - 2)*-1 + 4. Suppose a*m + 0*m = -5. Is -4 + m - -1 - -741 a prime number?
False
Let h(b) = 5 - 11 + 3 + 720*b. Let j(p) = 240*p - 1. Let d(t) = 6*h(t) - 17*j(t). Is d(2) a composite number?
False
Suppose -27*u + 30*u = 207. Let m be u/(-2)*168/(-14). Let w = 979 - m. Is w a prime number?
False
Suppose 9 = -5*s + w, -2*w + 14 = 2*s + 2*w. Let g(u) = 138*u**3 - 2*u**2 - u - 1. Let l(a) = a**3 - a**2. Let k(t) = s*g(t) + l(t). Is k(-2) composite?
True
Suppose -m = 5*m - 36. Let z be 24/13 - m/(-39). Suppose -5*w + 2*o + 851 = -2*o, 4*w = z*o + 676. Is w a prime number?
True
Let j = 171961 - 7827. Is j a prime number?
False
Let d be (1 + 1)*-2 - -1. Let y = 23306 - 23303. Is (123 - y/9*d) + -1 prime?
False
Let m(t) = -5*t + 70. Let g be m(14). Is 573510/120*(4 - g) a prime number?
False
Suppose 19*z - 20*z = -8541. Let j = -5090 + z. Let o = 658 + j. Is o prime?
False
Let u be 1 - 2/2*-5. Let w(q) be the second derivative of 37*q**3/3 + 3*q**2/2 - 417*q. Is w(u) a composite number?
True
Suppose -144 = 8*y - 440. Let q = y - 34. Suppose -4*x + 5587 = -q*p, 2*x - 6*p - 2786 = -2*p. Is x composite?
False
Suppose 0 = -61*m + 59*m - 41*m + 8589809. Is m composite?
True
Let f = 590854 + -359037. Is f a composite number?
True
Let r = -84177 + 126514. Is r a composite number?
False
Let j(q) = -81*q - 8. Suppose 4*v = -2*v - 114. Is j(v) a composite number?
False
Let c = 925228 + -592001. Is c a prime number?
True
Suppose -5*g + 277881 + 681034 = 0. Is g a composite number?
False
Suppose 296 = 3*s + 3*y + 1190, -5*s + y - 1490 = 0. Let a be -1*s/4*18. Suppose -9*t + 0*t + a = 0. Is t composite?
False
Suppose 4482440 = 121*m - 3081149. Is m prime?
False
Suppose -5*p + 3*m = -m - 113, 2*p - 3*m - 48 = 0. Is (-2 + 20339)*(-9 - (-196)/p) prime?
True
Let o(v) = -177*v - 11. Let p = 116 + -22. Let r = -98 + p. Is o(r) a composite number?
True
Let o(s) = -s**3 - 20*s**2 + 9*s + 212051. Is o(0) composite?
True
Is (-5)/(45/1533666)*(-9)/6*1 composite?
True
Let a be 5 + -5 - (3 + -6 + -33055). Let f = a - 18359. Is f prime?
True
Let t be 20402/8 - 4*(-3)/(-48). Let z = t + 277. Is z a composite number?
True
Suppose 16*p - 59 - 21 = 0. Is 1*p/(-20)*-10532 composite?
False
Let d be 3 - 20/4 - (9004 - -8). Let z = 12673 + d. Is z a prime number?
True
Suppose 20 = -b + 3*b. Let c(w) = 31 + 27 - 75 + 2*w**2 - b*w. Is c(11) a composite number?
True
Suppose 27*c = 4*c + 1619246. Suppose 4*h - 3*y = c, 0 = 2*h + h + 5*y - 52787. Is h a composite number?
False
Suppose 57*b - 40*b - 1039771 = 0. Is b prime?
False
Let z be (-1 - -5) + (-20 - -17). Let s be (-19)/(-7) + 10/(-14) + z. Suppose -1157 = -s*n - 14. Is n a composite number?
True
Suppose -1037 = 5*o + 5*l + 338, 0 = -4*o + 3*l - 1128. Let y = -1055 - -1041. Let c = y - o. Is c composite?
True
Let z = -40 + 70. Let m = -8 + z. Suppose -127 = -m*a + 21*a. Is a composite?
False
Let j(n) = -n + 5. Let q be j(-4). Suppose 2*f - q - 3 = -4*z, -3*f + z = -25. Is (-1)/2 - -933*12/f prime?
True
Is -3*(-20 + 13 - 1122572/6) a prime number?
True
Suppose 2*x = -g + 5727, 8597 = -4*g + x + 31514. Is g composite?
True
Let v = 106388 - 71989. Is v a prime number?
False
Suppose -d + 22 = 3*y, -4*y - 2 = 4*d - 26. Suppose -10871 = -y*b + b. Let i = b + -504. Is i a composite number?
False
Let b(h) = 8*h + 34. Let x be b(-4). Suppose -z + 2754 = 3*q, 3*q + 768 = -x*z + 6279. Is z composite?
True
Suppose f + 3*f - 148 = 0. Let r = -63 - f. Let n = r + 245. Is n a prime number?
False
Let t = 277838 + -113607. Is t prime?
True
Suppose 36*o - 150441 = 34*o + 5*v, -225714 = -3*o - 3*v. Is o composite?
True
Suppose -5*y + 2*m - 1786 = -7*y, 0 = -2*m - 4. Let c = y - 442. Is c composite?
True
Suppose 46*z - 17009655 - 47529403 = 0. Is z prime?
False
Let f be 4/20 + 138/10. Let g be (-4)/f - 210/(-49). Suppose g*x - 5*c = 2668, 4*c + 841 = 3*x - 1160. Is x prime?
False
Let r(x) = x**3 + 3*x**2 - 7*x - 1. Let j be 1/((-4)/(-10) + 117/(-180)). Let w be r(j). Suppose -w*v + 8*v + 4629 = 0. Is v composite?
False
Suppose 1501*b + 19271777 = 1508*b. Is b a composite number?
False
Let u = 6303 + -3956. Is -5*(1 - 0) + u prime?
False
Suppose 0 = -11*n + 30*n + 33*n - 623636. Is n a composite number?
True
Suppose -47*d = -46*d - 5*s - 4070675, -4070595 = -d - 5*s. Is d composite?
True
Suppose -32*h + 48 = -16. Suppose -2 = h*p, 789 + 13344 = 5*j + 2*p. Is j prime?
False
Let n be 64/28 - 28/98. Suppose -5*l - b = -59316, 2*b + n*b = 5*l - 59311. Is l a composite number?
False
Suppose 0 = b - 4*w + 16, 18 + 2 = b + 5*w. Let i(r) = -11*r + 2020. Let l be i(b). Let q = -623 + l. Is q prime?
False
Suppose -12*r - 99058 - 24602 = 0. Let c = r + 17362. Is c a prime number?
True
Suppose 3*i = 18, 22*i - 20*i - 434077 = -5*x. Is x a prime number?
True
Let m = -1826 - -2017. Is m prime?
True
Suppose 812839 = 32*v - 776985. Is v composite?
True
Let l(b) = b**2 + 6*b - 9. Let p be l(-7). Let k(z) = z**2 + z + 3. Let m be k(p). Suppose 0 = -3*w - 5*n + 47, 20 = -m*w - 4*n + 94. Is w a composite number?
True
Let s(b) = -b**3 + 5*b**2 - 5*b - 3. Let d be s(3). Suppose 2*m = d, -21*j - m = -23*j + 1042. Is j composite?
False
Is (46540473/14)/((-111)/(-74)) a prime number?
True
Let r(l) = 40379*l + 3955. Is r(8) composite?
True
Let s(d) = -848*d - 317. Is s(-6) composite?
True
Let k be 8/(40/(-15)) + (-290)/(-2). Suppose -147*a = -k*a - 146805. Is a a prime number?
False
Let j = -102 - -105. Suppose 10*z + j*a = 8*z + 8765, 5*a = 4*z - 17519. Is z a prime number?
False
Suppose -4*z = z - 120. Let c = -22 + z. Suppose -c*d + 141 = -577. Is d composite?
False
Let q be (11676 - 2)/2 - (68 + -66). Let i = q - 356. Is i a prime number?
True
Let o = -70 + 248. Let i = o - -3501. Is i a composite number?
True
Let n(m) = 47*m - 18. Let p be n(20). Let c = 1371 - p. Is c a prime number?
True
Suppose -3 = p - 6. Let x be p/4 + 3/(-4). Suppose x = 7*s + 214 - 1061. Is s a prime number?
False
Suppose -5*h - 4 = -24. Let k(f) = -2560*f - 2562*f + 1 - 2 + 44*f**2 + 5123*f. Is k(h) a composite number?
True
Let x = 4620 + -8837. Let t = 8483 + x. Let p = t + -1807. Is p composite?
False
Suppose 0 = -5*d + 5, 5*d - 1 = -47*k + 46*k. Is -1*(k - -2) + 121176/24 composite?
False
Suppose 3*f = -12, -4*d = 2*f - 6 + 2. Suppose 7*q = 4*q - 2*y + 16041, -d*q + 16026 = -3*y. Suppose 0 = -46*b + 51*b - q. Is b a prime number?
True
Let q(v) be the second derivative of 9*v**4/2 + v**3/6 + 19*v**2/2 + 16*v. Let k be (14/(-42))/((-2)/24). Is q(k) a composite number?
False
Let r(y) = 4*y - 1. Let h = 81 + -25. Let x = h + -51. Is r(x) a prime number?
True
Suppose -h - 1701 = -8339. Suppose -3*s + n = -2*s - h, -4*s + 2*n + 26546 = 0. Is s a composite number?
True
Let j(u) be the first derivative of 46*u**3/3 - 15*u**2 - 35*u + 75. Is j(15) prime?
False